*n. List the prime factors of s(-3).
2, 3
Let n be 4/22 - 46/11. Let q(r) = -r**3 - 4*r**2 + 3. List the prime factors of q(n).
3
Let x(d) = d + 3. Let g be x(-5). List the prime factors of -1 + 0 + g + 26.
23
Let d = 8 - 9. Let x = d + -6. What are the prime factors of (-100)/(-7) - (-2)/x?
2, 7
Let b = -7 - -31. What are the prime factors of b?
2, 3
Let c = 65 + -30. What are the prime factors of c?
5, 7
Suppose j + 3*z - 12 = -j, 4*j = z - 4. Suppose j*y - 3*y + 6 = 0. Suppose -y*o + 18 = -4. List the prime factors of o.
11
Suppose c - 6 = -c. Let b be 2/(3/90*c). Suppose 2*t = -0*t + b. List the prime factors of t.
2, 5
Let a(l) be the second derivative of -l**3/6 - l**2/2 + l. Let x be a(-6). Suppose x*c = 8 + 17. What are the prime factors of c?
5
Let x(p) = 3*p**2 - 26*p + 18. What are the prime factors of x(10)?
2, 29
Suppose -5*s = -4*l + 45, -s = -l + 4*s. Let r = l + -9. What are the prime factors of r?
2, 3
Let w = -440 + 705. What are the prime factors of w?
5, 53
Let s(t) = -t + 5. Let i be s(0). Suppose i*k = -4*a - a + 65, -5*k - 20 = 0. Let z = 28 - a. What are the prime factors of z?
11
Let r = 374 - 122. What are the prime factors of r?
2, 3, 7
Suppose 5*b - 119 - 61 = 0. List the prime factors of b.
2, 3
Let b(z) = -z**2 - 6*z + 11. Let r be (-17)/2 - (-6)/12. Let a be b(r). What are the prime factors of ((-4)/a)/((-2)/(-30))?
2, 3
Let p be 4/7 + (-78)/14. Let s(d) = -6*d + 3. List the prime factors of s(p).
3, 11
Let o(l) = -l**3 + 11*l**2 - 12*l + 10. Let d be o(10). Let a(h) = h**3 + 9*h**2 - 14*h - 1. What are the prime factors of a(d)?
3, 13
Let g = 4 - 0. Let v be (-48)/g - (4 + -2). What are the prime factors of ((-3)/(-6))/((-1)/v)?
7
Suppose -1564 - 1701 = -5*g. Suppose -g + 37 = 4*w. What are the prime factors of w/(-10) - (-9)/15?
2
Let h(n) = 2*n**2 - 24*n + 15. List the prime factors of h(16).
11, 13
Let h = -26 - -44. Let j be (18/8)/((-1)/4). Let k = j + h. What are the prime factors of k?
3
List the prime factors of (-14 + -1)*(-1343)/51.
5, 79
Let d be 2/(2/(-4) + 1). Suppose -4*u = 2*z - 22, -d*u = -u + 5*z + 1. List the prime factors of u.
2
Suppose -u + 4*u - 39 = 0. Suppose 2*z - z = u. What are the prime factors of z?
13
Let i(w) = w + 7. Let u be i(0). Suppose 0 = -u*r + 3*r + 48. List the prime factors of r.
2, 3
Let c be (1 - -2)*(-20)/(-12). Suppose -4*r + 93 = c*l, -92 = -3*r - r - 4*l. List the prime factors of r.
2, 11
Let d be 4/2*(2 - 3). Let o be -22*(d + 1)/2. Suppose 3*s + o = 26. List the prime factors of s.
5
Suppose -5*i - 23 = -x, 3*i = 2*x + 4*i - 2. Let b(n) = -2 + 3 - 2 + 4*n. What are the prime factors of b(x)?
11
Suppose 0 = a + 5*a - 24. Suppose -a*v + 2*p + 126 = -0*v, -p + 5 = 0. List the prime factors of v.
2, 17
List the prime factors of 14*(0 + -1 - -2).
2, 7
Suppose 3*t - 9 = 93. List the prime factors of t.
2, 17
Let i = 32 + -19. Let x = i + -10. List the prime factors of 3 + -3 + x - -1.
2
Let q be (-4)/((-12)/195)*1. Suppose -7*d + 5*d + 50 = 0. Suppose -4*t + q = d. What are the prime factors of t?
2, 5
List the prime factors of ((-884)/(-20))/((-1)/(-5)).
13, 17
Suppose -u + 4 = u - f, -5*u = 5*f + 20. Let y(p) = p**3 + 6. What are the prime factors of y(u)?
2, 3
Let r be (-1)/4 - 4/(-16). Suppose 2*t = -2*l - 3*t + 25, l - 3*t + 4 = r. Suppose -s = 2*w - 0*w - 27, l*s - 25 = 0. List the prime factors of w.
11
Let h(c) = c + 52. Let j be h(0). List the prime factors of ((-3)/(-2))/3*j.
2, 13
Let a(f) = f - 12. Let j(z) = 3. Let k(o) = -2*a(o) - 9*j(o). What are the prime factors of k(-5)?
7
Let c = 53 - -1. What are the prime factors of c?
2, 3
Let o be (-2)/(-2*2/16). Let v = -1 - o. Let x = v + 17. List the prime factors of x.
2
Suppose 13*l - 975 = 8*l. What are the prime factors of l?
3, 5, 13
Let v be -3*2/3 + 1. List the prime factors of 19/5 + v/(-5).
2
Let x(q) = 2*q**2 + 3*q + 6. Let t(u) = -u**2 + 2*u**2 - 4*u**2 + 2*u**2 + u - 1. Let n(d) = 3*t(d) + x(d). List the prime factors of n(5).
2
Suppose 70 = -5*k + 7*k. What are the prime factors of k?
5, 7
Suppose -v = -5*v + 180. Suppose c - v = -4*c. Let g = c - -1. List the prime factors of g.
2, 5
Let o(q) = q**3 + 6*q**2 + 4*q - 3. Let a be o(-5). Suppose -64 = -4*k + g, 0 = -a*k - 4*g - g + 32. List the prime factors of k.
2
Let o(c) = c + 7. Let f be o(-6). Let q be 0/(-2) + (f - 5). What are the prime factors of ((-14)/q)/((-6)/(-24))?
2, 7
Suppose 3*n = 90 - 18. List the prime factors of n.
2, 3
Let p = 17 + -12. Suppose p*k = 9 + 36. What are the prime factors of k?
3
Let g(l) = 4*l**2 + 7*l + 9. Let f(u) = u**2 - 13*u - 18. Let n be f(14). What are the prime factors of g(n)?
3, 5
Let j(s) = -s**3 - 7*s**2 - 7*s + 4. Let c be j(-7). Suppose c = v + 17. List the prime factors of v.
2, 3
Suppose 3*b + 71 + 127 = 0. What are the prime factors of b/(-4) - 6/(-12)?
17
Let g = -8 + 11. Suppose g*v + 3 = 9. List the prime factors of v.
2
Suppose -3*s - 4 = -5*q, 2*s - q = q - 4. Let a(u) = -3*u - 1. Let z(o) = -2*o - 1. Let y(h) = s*a(h) + 4*z(h). List the prime factors of y(4).
3
Suppose 2*u - 1 - 8 = -i, 0 = u - i + 3. Suppose -27 = -u*o - l, -3*o + 3*l - 36 = -6*o. What are the prime factors of o?
3, 5
Suppose 564 = -26*h + 29*h. List the prime factors of h.
2, 47
Let w(t) = -t**2 + 1. Let i be w(2). Suppose 6*n - u - 4 = 3*n, 0 = 4*u - 20. Let a = n - i. List the prime factors of a.
2, 3
Suppose 16 = 3*d - 4*l, -3*d = 3*l - 4*l - 4. Suppose d = -g + 12 + 1. List the prime factors of g.
13
Let v(m) = m**3 - 3*m**2 + 2*m - 2. Let f be v(2). Let b = 5 - f. List the prime factors of b.
7
Suppose -5*m - 4*r + 310 = 0, 4*r = 4*m - 19 - 229. List the prime factors of m.
2, 31
Suppose -4*v + 8 = -0*v. Suppose 0 = -v*c - c + 24. List the prime factors of c.
2
Let t be 1 - (-3 - -2)*2. Suppose 0 = t*m - 3*v - 48, -v + 4 = -2*v. What are the prime factors of m?
2, 3
Let d = 64 + -41. What are the prime factors of d?
23
Suppose 0 = 3*f - 2*l + 6*l - 752, 4*f - 1004 = -4*l. List the prime factors of f.
2, 3, 7
Suppose 0 = -6*x + 3*x. Suppose x = 5*v - 57 - 23. What are the prime factors of v?
2
Let i be 12/54 + (-88)/(-9). Suppose 0*n + i = 5*n. Suppose 5 = 4*t - 3, -4*j + 5*t = n. What are the prime factors of j?
2
Let y = 25 - 21. Let m = 25 - 18. Suppose -15 = -m*c + y*c. List the prime factors of c.
5
Suppose 0*s + 60 = 4*s. List the prime factors of s.
3, 5
Suppose 6*r - 256 = 2*r. What are the prime factors of r?
2
Let z(y) = y**3 + 0*y - 7*y - 3*y**2 - y + 6. What are the prime factors of z(5)?
2
Let h = -76 - -128. What are the prime factors of h?
2, 13
Let b(c) = c**2 + 2 + 0*c**2 + 0 + 5*c. Suppose 10 = g - 4*w, 6 = -5*g + 3*w - 12. What are the prime factors of b(g)?
2
Let a = 1 - 6. Let o(n) = n**2 - 2. List the prime factors of o(a).
23
List the prime factors of 42 + (-2 - 0/(-2)).
2, 5
Let n(z) = z**2 - 4. Let x be n(3). Let o = 1 + 38. Suppose 2*i + o = x*i. What are the prime factors of i?
13
Suppose -5 = -0*r - 4*r + 5*l, 3*r + l = 18. Let g = r + 0. List the prime factors of g.
5
Let y = 198 - 105. List the prime factors of y.
3, 31
Suppose c = -5*w + 158, -w - c = 2*w - 96. What are the prime factors of w?
31
Suppose 5*l - 590 = -4*g, -2*l + 6*l + 4*g = 472. What are the prime factors of l?
2, 59
Let i be 1 + (-2 - 1)/(-3). Suppose -6*z + 16 = -i*z. Suppose x = z*x - 45. What are the prime factors of x?
3, 5
Let h(p) = -p**3 + 12*p**2 - 4*p - 26. List the prime factors of h(11).
3, 17
Let c(a) = -28*a**3 + 2*a**2 + 2*a + 1. List the prime factors of c(-2).
229
Suppose 437 = 4*i - 23. List the prime factors of i.
5, 23
Let y = 3 + 0. Let o be 3 + 92 + (-6)/y. Suppose 3*c + 7*h = 3*h + 51, 5*c = -4*h + o. List the prime factors of c.
3, 7
Suppose 0*z = -5*z - 5*n + 20, 16 = 4*z - n. Suppose 3*y - 62 = -t - 3*t, -2*y = -z*t - 8. List the prime factors of y.
2, 7
Let q = -14 + 46. Suppose -3*o + 3*u + 20 = -31, -o - 4*u + q = 0. What are the prime factors of 10/(-2)*(-24)/o?
2, 3
Suppose 4*a + 36 = 2*a. List the prime factors of a/(-4)*(2 + 0).
3
Let j = 97 + -32. What are the prime factors of j?
5, 13
Let n be -2 + -1 + (-16 - -2). Let z(t) = -t**2 - 19*t + 2. What are the prime factors of z(n)?
2, 3
Let c be (30/25)/((-2)/50). What are the prime factors of c/9*(-48)/10?
2
Let c = 6 - 4. Let n(l) = 